{"id":9835,"date":"2022-09-27T06:00:16","date_gmt":"2022-09-27T11:00:16","guid":{"rendered":"http:\/\/brainstore.com.mx\/?post_type=product&#038;p=9835"},"modified":"2022-09-27T06:00:17","modified_gmt":"2022-09-27T11:00:17","slug":"botas-de-seguridad-industrial-dielectricas-de-piel-con-casquillo","status":"publish","type":"product","link":"https:\/\/brainstore.com.mx\/?product=botas-de-seguridad-industrial-dielectricas-de-piel-con-casquillo","title":{"rendered":"Botas de seguridad industrial Diel\u00e9ctricas, de piel con casquillo"},"content":{"rendered":"","protected":false},"excerpt":{"rendered":"<ul>\n<li>Corte: Piel Vacuna.<\/li>\n<li>Forro: Textil Antimic\u00f3tico.<\/li>\n<li>Suela: Hule Antiderrapante Pegada y Cosida.<\/li>\n<li>Casco: Plastico R\u00edgido Poliamida (igual de resistente que el \u00e1cero pero m\u00e1s ligero y no conduce la electricidad).<\/li>\n<li>Plantilla: Memory Foam confort Antimicotica.<\/li>\n<li>Tallas del 22 al 31 cm.<\/li>\n<\/ul>\n","protected":false},"featured_media":9836,"comment_status":"open","ping_status":"closed","template":"","meta":[],"product_cat":[69],"product_tag":[82],"yoast_head":"<!-- This site is optimized with the Yoast SEO plugin v15.9 - https:\/\/yoast.com\/wordpress\/plugins\/seo\/ -->\n<title>Botas de seguridad industrial Diel\u00e9ctricas, de piel con casquillo &raquo; Brain Store<\/title>\n<meta name=\"robots\" content=\"index, follow, max-snippet:-1, max-image-preview:large, max-video-preview:-1\" \/>\n<link rel=\"canonical\" href=\"https:\/\/brainstore.com.mx\/?product=botas-de-seguridad-industrial-dielectricas-de-piel-con-casquillo\" \/>\n<meta property=\"og:locale\" content=\"es_MX\" \/>\n<meta property=\"og:type\" content=\"article\" \/>\n<meta property=\"og:title\" content=\"Botas de seguridad industrial Diel\u00e9ctricas, de piel con casquillo &raquo; Brain Store\" \/>\n<meta property=\"og:description\" content=\"Corte: Piel Vacuna.  Forro: Textil Antimic\u00f3tico.  Suela: Hule Antiderrapante Pegada y Cosida.  Casco: Plastico R\u00edgido Poliamida (igual de resistente que el \u00e1cero pero m\u00e1s ligero y no conduce la electricidad).  Plantilla: Memory Foam confort Antimicotica.  Tallas del 22 al 31 cm.\" \/>\n<meta property=\"og:url\" content=\"https:\/\/brainstore.com.mx\/?product=botas-de-seguridad-industrial-dielectricas-de-piel-con-casquillo\" \/>\n<meta property=\"og:site_name\" content=\"Brain Store\" \/>\n<meta property=\"article:publisher\" content=\"https:\/\/www.facebook.com\/brainstoremx\/\" \/>\n<meta property=\"article:modified_time\" content=\"2022-09-27T11:00:17+00:00\" \/>\n<meta property=\"og:image\" content=\"https:\/\/brainstore.com.mx\/wp-content\/uploads\/2022\/09\/bota.jpeg\" \/>\n\t<meta property=\"og:image:width\" content=\"500\" \/>\n\t<meta property=\"og:image:height\" content=\"318\" \/>\n<meta name=\"twitter:card\" content=\"summary_large_image\" \/>\n<script type=\"application\/ld+json\" class=\"yoast-schema-graph\">{\"@context\":\"https:\/\/schema.org\",\"@graph\":[{\"@type\":\"Organization\",\"@id\":\"https:\/\/brainstore.com.mx\/#organization\",\"name\":\"BRAIN STORE\",\"url\":\"https:\/\/brainstore.com.mx\/\",\"sameAs\":[\"https:\/\/www.facebook.com\/brainstoremx\/\",\"https:\/\/www.linkedin.com\/organization-guest\/company\/brainstore-soluciones-empresariales?challengeId=AQFFTWIZtGeYbAAAAXObhNynGsrNMCCiSF_2EOtAMNY4iQ12tT6IezYHLU5OKTnHBLZnWaGZjTGoZvweYLxXQkK85kBoy5IBjA&amp;amp;amp;amp;amp;amp;submissionId=7aa7c3ff-c747-2616-8f9f-43e49eb5c53f\"],\"logo\":{\"@type\":\"ImageObject\",\"@id\":\"https:\/\/brainstore.com.mx\/#logo\",\"inLanguage\":\"es-MX\",\"url\":\"https:\/\/brainstore.com.mx\/wp-content\/uploads\/2018\/11\/Brain-Store-logo.png\",\"width\":507,\"height\":169,\"caption\":\"BRAIN STORE\"},\"image\":{\"@id\":\"https:\/\/brainstore.com.mx\/#logo\"}},{\"@type\":\"WebSite\",\"@id\":\"https:\/\/brainstore.com.mx\/#website\",\"url\":\"https:\/\/brainstore.com.mx\/\",\"name\":\"Brain Store\",\"description\":\"Soluciones Empresariales\",\"publisher\":{\"@id\":\"https:\/\/brainstore.com.mx\/#organization\"},\"potentialAction\":[{\"@type\":\"SearchAction\",\"target\":\"https:\/\/brainstore.com.mx\/?s={search_term_string}\",\"query-input\":\"required name=search_term_string\"}],\"inLanguage\":\"es-MX\"},{\"@type\":\"ImageObject\",\"@id\":\"https:\/\/brainstore.com.mx\/?product=botas-de-seguridad-industrial-dielectricas-de-piel-con-casquillo#primaryimage\",\"inLanguage\":\"es-MX\",\"url\":\"https:\/\/brainstore.com.mx\/wp-content\/uploads\/2022\/09\/bota.jpeg\",\"width\":500,\"height\":318},{\"@type\":\"WebPage\",\"@id\":\"https:\/\/brainstore.com.mx\/?product=botas-de-seguridad-industrial-dielectricas-de-piel-con-casquillo#webpage\",\"url\":\"https:\/\/brainstore.com.mx\/?product=botas-de-seguridad-industrial-dielectricas-de-piel-con-casquillo\",\"name\":\"Botas de seguridad industrial Diel\\u00e9ctricas, de piel con casquillo &raquo; Brain Store\",\"isPartOf\":{\"@id\":\"https:\/\/brainstore.com.mx\/#website\"},\"primaryImageOfPage\":{\"@id\":\"https:\/\/brainstore.com.mx\/?product=botas-de-seguridad-industrial-dielectricas-de-piel-con-casquillo#primaryimage\"},\"datePublished\":\"2022-09-27T11:00:16+00:00\",\"dateModified\":\"2022-09-27T11:00:17+00:00\",\"breadcrumb\":{\"@id\":\"https:\/\/brainstore.com.mx\/?product=botas-de-seguridad-industrial-dielectricas-de-piel-con-casquillo#breadcrumb\"},\"inLanguage\":\"es-MX\",\"potentialAction\":[{\"@type\":\"ReadAction\",\"target\":[\"https:\/\/brainstore.com.mx\/?product=botas-de-seguridad-industrial-dielectricas-de-piel-con-casquillo\"]}]},{\"@type\":\"BreadcrumbList\",\"@id\":\"https:\/\/brainstore.com.mx\/?product=botas-de-seguridad-industrial-dielectricas-de-piel-con-casquillo#breadcrumb\",\"itemListElement\":[{\"@type\":\"ListItem\",\"position\":1,\"item\":{\"@type\":\"WebPage\",\"@id\":\"https:\/\/brainstore.com.mx\/\",\"url\":\"https:\/\/brainstore.com.mx\/\",\"name\":\"Inicio\"}},{\"@type\":\"ListItem\",\"position\":2,\"item\":{\"@type\":\"WebPage\",\"@id\":\"https:\/\/brainstore.com.mx\/?page_id=9779\",\"url\":\"https:\/\/brainstore.com.mx\/?page_id=9779\",\"name\":\"Tienda\"}},{\"@type\":\"ListItem\",\"position\":3,\"item\":{\"@type\":\"WebPage\",\"@id\":\"https:\/\/brainstore.com.mx\/?product=botas-de-seguridad-industrial-dielectricas-de-piel-con-casquillo\",\"url\":\"https:\/\/brainstore.com.mx\/?product=botas-de-seguridad-industrial-dielectricas-de-piel-con-casquillo\",\"name\":\"Botas de seguridad industrial Diel\\u00e9ctricas, de piel con casquillo\"}}]}]}<\/script>\n<!-- \/ Yoast SEO plugin. -->","_links":{"self":[{"href":"https:\/\/brainstore.com.mx\/index.php?rest_route=\/wp\/v2\/product\/9835"}],"collection":[{"href":"https:\/\/brainstore.com.mx\/index.php?rest_route=\/wp\/v2\/product"}],"about":[{"href":"https:\/\/brainstore.com.mx\/index.php?rest_route=\/wp\/v2\/types\/product"}],"replies":[{"embeddable":true,"href":"https:\/\/brainstore.com.mx\/index.php?rest_route=%2Fwp%2Fv2%2Fcomments&post=9835"}],"wp:featuredmedia":[{"embeddable":true,"href":"https:\/\/brainstore.com.mx\/index.php?rest_route=\/wp\/v2\/media\/9836"}],"wp:attachment":[{"href":"https:\/\/brainstore.com.mx\/index.php?rest_route=%2Fwp%2Fv2%2Fmedia&parent=9835"}],"wp:term":[{"taxonomy":"product_cat","embeddable":true,"href":"https:\/\/brainstore.com.mx\/index.php?rest_route=%2Fwp%2Fv2%2Fproduct_cat&post=9835"},{"taxonomy":"product_tag","embeddable":true,"href":"https:\/\/brainstore.com.mx\/index.php?rest_route=%2Fwp%2Fv2%2Fproduct_tag&post=9835"}],"curies":[{"name":"wp","href":"https:\/\/api.w.org\/{rel}","templated":true}]}}