{"id":9927,"date":"2022-11-06T19:09:46","date_gmt":"2022-11-07T01:09:46","guid":{"rendered":"http:\/\/brainstore.com.mx\/?post_type=product&#038;p=9927"},"modified":"2022-11-06T19:09:47","modified_gmt":"2022-11-07T01:09:47","slug":"racks-amplios-para-almacenamiento-moviles","status":"publish","type":"product","link":"https:\/\/brainstore.com.mx\/?product=racks-amplios-para-almacenamiento-moviles","title":{"rendered":"Racks Amplios Para Almacenamiento M\u00f3viles"},"content":{"rendered":"","protected":false},"excerpt":{"rendered":"<ul>\n<li>Estanter\u00eda resistente de uso pesado que tambi\u00e9n sirve como carrito.<\/li>\n<li>Repisas lisas de tablas de aglomerado s\u00f3lidas de \u215d&#8221;&#8221; eliminan la ca\u00edda de objetos.<\/li>\n<li>Ensamble r\u00e1pido y f\u00e1cil. Las tres repisas se colocan a presi\u00f3n y se ajustan en incrementos de 1\u00bd&#8221;&#8221;.<\/li>\n<li>Incluye 3 soportes de repisas.<\/li>\n<li>Ruedas giratorias de 5&#8243;&#8221; con seguro y placas de acero.<\/li>\n<li>Dimensiones Ancho X Prof. X Alto: 36 x 24 x 67&#8243;.<\/li>\n<li>No. De Repisas: 3.<\/li>\n<li>Capacidad (Lbs.): 600.<\/li>\n<\/ul>\n","protected":false},"featured_media":9928,"comment_status":"open","ping_status":"closed","template":"","meta":[],"product_cat":[63],"product_tag":[100],"yoast_head":"<!-- This site is optimized with the Yoast SEO plugin v15.9 - https:\/\/yoast.com\/wordpress\/plugins\/seo\/ -->\n<title>Racks Amplios Para Almacenamiento M\u00f3viles &raquo; Brain Store<\/title>\n<meta name=\"robots\" content=\"index, follow, max-snippet:-1, max-image-preview:large, max-video-preview:-1\" \/>\n<link rel=\"canonical\" href=\"https:\/\/brainstore.com.mx\/?product=racks-amplios-para-almacenamiento-moviles\" \/>\n<meta property=\"og:locale\" content=\"es_MX\" \/>\n<meta property=\"og:type\" content=\"article\" \/>\n<meta property=\"og:title\" content=\"Racks Amplios Para Almacenamiento M\u00f3viles &raquo; Brain Store\" \/>\n<meta property=\"og:description\" content=\"Estanter\u00eda resistente de uso pesado que tambi\u00e9n sirve como carrito.  Repisas lisas de tablas de aglomerado s\u00f3lidas de \u215d&quot;&quot; eliminan la ca\u00edda de objetos.  Ensamble r\u00e1pido y f\u00e1cil. Las tres repisas se colocan a presi\u00f3n y se ajustan en incrementos de 1\u00bd&quot;&quot;.  Incluye 3 soportes de repisas.  Ruedas giratorias de 5&quot;&quot; con seguro y placas de acero.  Dimensiones Ancho X Prof. X Alto: 36 x 24 x 67&quot;.  No. De Repisas: 3.  Capacidad (Lbs.): 600.\" \/>\n<meta property=\"og:url\" content=\"https:\/\/brainstore.com.mx\/?product=racks-amplios-para-almacenamiento-moviles\" \/>\n<meta property=\"og:site_name\" content=\"Brain Store\" \/>\n<meta property=\"article:publisher\" content=\"https:\/\/www.facebook.com\/brainstoremx\/\" \/>\n<meta property=\"article:modified_time\" content=\"2022-11-07T01:09:47+00:00\" \/>\n<meta property=\"og:image\" content=\"https:\/\/brainstore.com.mx\/wp-content\/uploads\/2022\/11\/rack-movil.png\" \/>\n\t<meta property=\"og:image:width\" content=\"640\" \/>\n\t<meta property=\"og:image:height\" content=\"496\" \/>\n<meta name=\"twitter:card\" content=\"summary_large_image\" \/>\n<script type=\"application\/ld+json\" class=\"yoast-schema-graph\">{\"@context\":\"https:\/\/schema.org\",\"@graph\":[{\"@type\":\"Organization\",\"@id\":\"https:\/\/brainstore.com.mx\/#organization\",\"name\":\"BRAIN STORE\",\"url\":\"https:\/\/brainstore.com.mx\/\",\"sameAs\":[\"https:\/\/www.facebook.com\/brainstoremx\/\",\"https:\/\/www.linkedin.com\/organization-guest\/company\/brainstore-soluciones-empresariales?challengeId=AQFFTWIZtGeYbAAAAXObhNynGsrNMCCiSF_2EOtAMNY4iQ12tT6IezYHLU5OKTnHBLZnWaGZjTGoZvweYLxXQkK85kBoy5IBjA&amp;amp;amp;amp;amp;amp;submissionId=7aa7c3ff-c747-2616-8f9f-43e49eb5c53f\"],\"logo\":{\"@type\":\"ImageObject\",\"@id\":\"https:\/\/brainstore.com.mx\/#logo\",\"inLanguage\":\"es-MX\",\"url\":\"https:\/\/brainstore.com.mx\/wp-content\/uploads\/2018\/11\/Brain-Store-logo.png\",\"width\":507,\"height\":169,\"caption\":\"BRAIN STORE\"},\"image\":{\"@id\":\"https:\/\/brainstore.com.mx\/#logo\"}},{\"@type\":\"WebSite\",\"@id\":\"https:\/\/brainstore.com.mx\/#website\",\"url\":\"https:\/\/brainstore.com.mx\/\",\"name\":\"Brain Store\",\"description\":\"Soluciones Empresariales\",\"publisher\":{\"@id\":\"https:\/\/brainstore.com.mx\/#organization\"},\"potentialAction\":[{\"@type\":\"SearchAction\",\"target\":\"https:\/\/brainstore.com.mx\/?s={search_term_string}\",\"query-input\":\"required name=search_term_string\"}],\"inLanguage\":\"es-MX\"},{\"@type\":\"ImageObject\",\"@id\":\"https:\/\/brainstore.com.mx\/?product=racks-amplios-para-almacenamiento-moviles#primaryimage\",\"inLanguage\":\"es-MX\",\"url\":\"https:\/\/brainstore.com.mx\/wp-content\/uploads\/2022\/11\/rack-movil.png\",\"width\":640,\"height\":496},{\"@type\":\"WebPage\",\"@id\":\"https:\/\/brainstore.com.mx\/?product=racks-amplios-para-almacenamiento-moviles#webpage\",\"url\":\"https:\/\/brainstore.com.mx\/?product=racks-amplios-para-almacenamiento-moviles\",\"name\":\"Racks Amplios Para Almacenamiento M\\u00f3viles &raquo; Brain Store\",\"isPartOf\":{\"@id\":\"https:\/\/brainstore.com.mx\/#website\"},\"primaryImageOfPage\":{\"@id\":\"https:\/\/brainstore.com.mx\/?product=racks-amplios-para-almacenamiento-moviles#primaryimage\"},\"datePublished\":\"2022-11-07T01:09:46+00:00\",\"dateModified\":\"2022-11-07T01:09:47+00:00\",\"breadcrumb\":{\"@id\":\"https:\/\/brainstore.com.mx\/?product=racks-amplios-para-almacenamiento-moviles#breadcrumb\"},\"inLanguage\":\"es-MX\",\"potentialAction\":[{\"@type\":\"ReadAction\",\"target\":[\"https:\/\/brainstore.com.mx\/?product=racks-amplios-para-almacenamiento-moviles\"]}]},{\"@type\":\"BreadcrumbList\",\"@id\":\"https:\/\/brainstore.com.mx\/?product=racks-amplios-para-almacenamiento-moviles#breadcrumb\",\"itemListElement\":[{\"@type\":\"ListItem\",\"position\":1,\"item\":{\"@type\":\"WebPage\",\"@id\":\"https:\/\/brainstore.com.mx\/\",\"url\":\"https:\/\/brainstore.com.mx\/\",\"name\":\"Inicio\"}},{\"@type\":\"ListItem\",\"position\":2,\"item\":{\"@type\":\"WebPage\",\"@id\":\"https:\/\/brainstore.com.mx\/?page_id=9779\",\"url\":\"https:\/\/brainstore.com.mx\/?page_id=9779\",\"name\":\"Tienda\"}},{\"@type\":\"ListItem\",\"position\":3,\"item\":{\"@type\":\"WebPage\",\"@id\":\"https:\/\/brainstore.com.mx\/?product=racks-amplios-para-almacenamiento-moviles\",\"url\":\"https:\/\/brainstore.com.mx\/?product=racks-amplios-para-almacenamiento-moviles\",\"name\":\"Racks Amplios Para Almacenamiento M\\u00f3viles\"}}]}]}<\/script>\n<!-- \/ Yoast SEO plugin. -->","_links":{"self":[{"href":"https:\/\/brainstore.com.mx\/index.php?rest_route=\/wp\/v2\/product\/9927"}],"collection":[{"href":"https:\/\/brainstore.com.mx\/index.php?rest_route=\/wp\/v2\/product"}],"about":[{"href":"https:\/\/brainstore.com.mx\/index.php?rest_route=\/wp\/v2\/types\/product"}],"replies":[{"embeddable":true,"href":"https:\/\/brainstore.com.mx\/index.php?rest_route=%2Fwp%2Fv2%2Fcomments&post=9927"}],"wp:featuredmedia":[{"embeddable":true,"href":"https:\/\/brainstore.com.mx\/index.php?rest_route=\/wp\/v2\/media\/9928"}],"wp:attachment":[{"href":"https:\/\/brainstore.com.mx\/index.php?rest_route=%2Fwp%2Fv2%2Fmedia&parent=9927"}],"wp:term":[{"taxonomy":"product_cat","embeddable":true,"href":"https:\/\/brainstore.com.mx\/index.php?rest_route=%2Fwp%2Fv2%2Fproduct_cat&post=9927"},{"taxonomy":"product_tag","embeddable":true,"href":"https:\/\/brainstore.com.mx\/index.php?rest_route=%2Fwp%2Fv2%2Fproduct_tag&post=9927"}],"curies":[{"name":"wp","href":"https:\/\/api.w.org\/{rel}","templated":true}]}}