{"id":9963,"date":"2022-12-07T07:19:48","date_gmt":"2022-12-07T13:19:48","guid":{"rendered":"http:\/\/brainstore.com.mx\/?post_type=product&#038;p=9963"},"modified":"2023-01-05T19:40:09","modified_gmt":"2023-01-06T01:40:09","slug":"lampara-de-emergencia-60-leds","status":"publish","type":"product","link":"https:\/\/brainstore.com.mx\/?product=lampara-de-emergencia-60-leds","title":{"rendered":"L\u00e1mpara De Emergencia 60 Leds"},"content":{"rendered":"","protected":false},"excerpt":{"rendered":"<ul>\n<li>300 Lumens<\/li>\n<li>Cuenta con 2 Intensidades de luz 200 lm\/ 300lm.<\/li>\n<li>Hasta 8 Horas de luz continua.<\/li>\n<li>Enciende al instante que se pierde la energ\u00eda el\u00e9ctrica.<\/li>\n<li>Incluye cable para recarga.<\/li>\n<li>Asa retr\u00e1ctil para mejor manejo.<\/li>\n<li>Cuenta con indicar de carga correcta.<\/li>\n<li>Bot\u00f3n de encendido \/ apagado y cambio de Intensidad.<\/li>\n<\/ul>\n","protected":false},"featured_media":9962,"comment_status":"open","ping_status":"closed","template":"","meta":[],"product_cat":[112],"product_tag":[104],"yoast_head":"<!-- This site is optimized with the Yoast SEO plugin v15.9 - https:\/\/yoast.com\/wordpress\/plugins\/seo\/ -->\n<title>L\u00e1mpara De Emergencia 60 Leds &raquo; Brain Store<\/title>\n<meta name=\"robots\" content=\"index, follow, max-snippet:-1, max-image-preview:large, max-video-preview:-1\" \/>\n<link rel=\"canonical\" href=\"https:\/\/brainstore.com.mx\/?product=lampara-de-emergencia-60-leds\" \/>\n<meta property=\"og:locale\" content=\"es_MX\" \/>\n<meta property=\"og:type\" content=\"article\" \/>\n<meta property=\"og:title\" content=\"L\u00e1mpara De Emergencia 60 Leds &raquo; Brain Store\" \/>\n<meta property=\"og:description\" content=\"300 Lumens  Cuenta con 2 Intensidades de luz 200 lm\/ 300lm.  Hasta 8 Horas de luz continua.  Enciende al instante que se pierde la energ\u00eda el\u00e9ctrica.  Incluye cable para recarga.  Asa retr\u00e1ctil para mejor manejo.  Cuenta con indicar de carga correcta.  Bot\u00f3n de encendido \/ apagado y cambio de Intensidad.\" \/>\n<meta property=\"og:url\" content=\"https:\/\/brainstore.com.mx\/?product=lampara-de-emergencia-60-leds\" \/>\n<meta property=\"og:site_name\" content=\"Brain Store\" \/>\n<meta property=\"article:publisher\" content=\"https:\/\/www.facebook.com\/brainstoremx\/\" \/>\n<meta property=\"article:modified_time\" content=\"2023-01-06T01:40:09+00:00\" \/>\n<meta property=\"og:image\" content=\"https:\/\/brainstore.com.mx\/wp-content\/uploads\/2022\/12\/lampara-de-leds.png\" \/>\n\t<meta property=\"og:image:width\" content=\"800\" \/>\n\t<meta property=\"og:image:height\" content=\"800\" \/>\n<meta name=\"twitter:card\" content=\"summary_large_image\" \/>\n<script type=\"application\/ld+json\" class=\"yoast-schema-graph\">{\"@context\":\"https:\/\/schema.org\",\"@graph\":[{\"@type\":\"Organization\",\"@id\":\"https:\/\/brainstore.com.mx\/#organization\",\"name\":\"BRAIN STORE\",\"url\":\"https:\/\/brainstore.com.mx\/\",\"sameAs\":[\"https:\/\/www.facebook.com\/brainstoremx\/\",\"https:\/\/www.linkedin.com\/organization-guest\/company\/brainstore-soluciones-empresariales?challengeId=AQFFTWIZtGeYbAAAAXObhNynGsrNMCCiSF_2EOtAMNY4iQ12tT6IezYHLU5OKTnHBLZnWaGZjTGoZvweYLxXQkK85kBoy5IBjA&amp;amp;amp;amp;amp;amp;submissionId=7aa7c3ff-c747-2616-8f9f-43e49eb5c53f\"],\"logo\":{\"@type\":\"ImageObject\",\"@id\":\"https:\/\/brainstore.com.mx\/#logo\",\"inLanguage\":\"es-MX\",\"url\":\"https:\/\/brainstore.com.mx\/wp-content\/uploads\/2018\/11\/Brain-Store-logo.png\",\"width\":507,\"height\":169,\"caption\":\"BRAIN STORE\"},\"image\":{\"@id\":\"https:\/\/brainstore.com.mx\/#logo\"}},{\"@type\":\"WebSite\",\"@id\":\"https:\/\/brainstore.com.mx\/#website\",\"url\":\"https:\/\/brainstore.com.mx\/\",\"name\":\"Brain Store\",\"description\":\"Soluciones Empresariales\",\"publisher\":{\"@id\":\"https:\/\/brainstore.com.mx\/#organization\"},\"potentialAction\":[{\"@type\":\"SearchAction\",\"target\":\"https:\/\/brainstore.com.mx\/?s={search_term_string}\",\"query-input\":\"required name=search_term_string\"}],\"inLanguage\":\"es-MX\"},{\"@type\":\"ImageObject\",\"@id\":\"https:\/\/brainstore.com.mx\/?product=lampara-de-emergencia-60-leds#primaryimage\",\"inLanguage\":\"es-MX\",\"url\":\"https:\/\/brainstore.com.mx\/wp-content\/uploads\/2022\/12\/lampara-de-leds.png\",\"width\":800,\"height\":800},{\"@type\":\"WebPage\",\"@id\":\"https:\/\/brainstore.com.mx\/?product=lampara-de-emergencia-60-leds#webpage\",\"url\":\"https:\/\/brainstore.com.mx\/?product=lampara-de-emergencia-60-leds\",\"name\":\"L\\u00e1mpara De Emergencia 60 Leds &raquo; Brain Store\",\"isPartOf\":{\"@id\":\"https:\/\/brainstore.com.mx\/#website\"},\"primaryImageOfPage\":{\"@id\":\"https:\/\/brainstore.com.mx\/?product=lampara-de-emergencia-60-leds#primaryimage\"},\"datePublished\":\"2022-12-07T13:19:48+00:00\",\"dateModified\":\"2023-01-06T01:40:09+00:00\",\"breadcrumb\":{\"@id\":\"https:\/\/brainstore.com.mx\/?product=lampara-de-emergencia-60-leds#breadcrumb\"},\"inLanguage\":\"es-MX\",\"potentialAction\":[{\"@type\":\"ReadAction\",\"target\":[\"https:\/\/brainstore.com.mx\/?product=lampara-de-emergencia-60-leds\"]}]},{\"@type\":\"BreadcrumbList\",\"@id\":\"https:\/\/brainstore.com.mx\/?product=lampara-de-emergencia-60-leds#breadcrumb\",\"itemListElement\":[{\"@type\":\"ListItem\",\"position\":1,\"item\":{\"@type\":\"WebPage\",\"@id\":\"https:\/\/brainstore.com.mx\/\",\"url\":\"https:\/\/brainstore.com.mx\/\",\"name\":\"Inicio\"}},{\"@type\":\"ListItem\",\"position\":2,\"item\":{\"@type\":\"WebPage\",\"@id\":\"https:\/\/brainstore.com.mx\/?page_id=9779\",\"url\":\"https:\/\/brainstore.com.mx\/?page_id=9779\",\"name\":\"Tienda\"}},{\"@type\":\"ListItem\",\"position\":3,\"item\":{\"@type\":\"WebPage\",\"@id\":\"https:\/\/brainstore.com.mx\/?product=lampara-de-emergencia-60-leds\",\"url\":\"https:\/\/brainstore.com.mx\/?product=lampara-de-emergencia-60-leds\",\"name\":\"L\\u00e1mpara De Emergencia 60 Leds\"}}]}]}<\/script>\n<!-- \/ Yoast SEO plugin. -->","_links":{"self":[{"href":"https:\/\/brainstore.com.mx\/index.php?rest_route=\/wp\/v2\/product\/9963"}],"collection":[{"href":"https:\/\/brainstore.com.mx\/index.php?rest_route=\/wp\/v2\/product"}],"about":[{"href":"https:\/\/brainstore.com.mx\/index.php?rest_route=\/wp\/v2\/types\/product"}],"replies":[{"embeddable":true,"href":"https:\/\/brainstore.com.mx\/index.php?rest_route=%2Fwp%2Fv2%2Fcomments&post=9963"}],"wp:featuredmedia":[{"embeddable":true,"href":"https:\/\/brainstore.com.mx\/index.php?rest_route=\/wp\/v2\/media\/9962"}],"wp:attachment":[{"href":"https:\/\/brainstore.com.mx\/index.php?rest_route=%2Fwp%2Fv2%2Fmedia&parent=9963"}],"wp:term":[{"taxonomy":"product_cat","embeddable":true,"href":"https:\/\/brainstore.com.mx\/index.php?rest_route=%2Fwp%2Fv2%2Fproduct_cat&post=9963"},{"taxonomy":"product_tag","embeddable":true,"href":"https:\/\/brainstore.com.mx\/index.php?rest_route=%2Fwp%2Fv2%2Fproduct_tag&post=9963"}],"curies":[{"name":"wp","href":"https:\/\/api.w.org\/{rel}","templated":true}]}}