{"id":9986,"date":"2022-12-08T20:11:43","date_gmt":"2022-12-09T02:11:43","guid":{"rendered":"http:\/\/brainstore.com.mx\/?post_type=product&#038;p=9986"},"modified":"2023-01-05T19:50:24","modified_gmt":"2023-01-06T01:50:24","slug":"sujetadores-con-matraca-carga-maxima-1000-kg-2-piezas","status":"publish","type":"product","link":"https:\/\/brainstore.com.mx\/?product=sujetadores-con-matraca-carga-maxima-1000-kg-2-piezas","title":{"rendered":"Sujetadores Con Matraca, Carga M\u00e1xima 1000 Kg, 2 Piezas"},"content":{"rendered":"","protected":false},"excerpt":{"rendered":"<p>Caracteristicas<\/p>\n<ul>\n<li>Sujetador Con Matraca Y Cinta De Seguridad 100% Poli\u00e9ster, No Se Deforma.<\/li>\n<li>Gancho Doble Tipo J.<\/li>\n<li>Sistema Para Aplicar M\u00e1xima Tensi\u00f3n Con M\u00ednimo Esfuerzo.<\/li>\n<li>Mecanismo De R\u00e1pida Liberaci\u00f3n.<\/li>\n<li>Ideales Para Autos Y Motos.<\/li>\n<\/ul>\n<p>Especificaciones<\/p>\n<ul>\n<li>Longitud De Cinta: 5 M.<\/li>\n<li>Ancho De Cinta: 1-1\/4\u2033 (32 Mm).<\/li>\n<li>Carga De Trabajo: 333 Kg.<\/li>\n<li>Carga M\u00e1xima: 1,000 Kg.<\/li>\n<li>Empaque Individual: Tarjet.<\/li>\n<\/ul>\n","protected":false},"featured_media":9988,"comment_status":"open","ping_status":"closed","template":"","meta":[],"product_cat":[113],"product_tag":[108],"yoast_head":"<!-- This site is optimized with the Yoast SEO plugin v15.9 - https:\/\/yoast.com\/wordpress\/plugins\/seo\/ -->\n<title>Sujetadores Con Matraca, Carga M\u00e1xima 1000 Kg, 2 Piezas &raquo; Brain Store<\/title>\n<meta name=\"robots\" content=\"index, follow, max-snippet:-1, max-image-preview:large, max-video-preview:-1\" \/>\n<link rel=\"canonical\" href=\"https:\/\/brainstore.com.mx\/?product=sujetadores-con-matraca-carga-maxima-1000-kg-2-piezas\" \/>\n<meta property=\"og:locale\" content=\"es_MX\" \/>\n<meta property=\"og:type\" content=\"article\" \/>\n<meta property=\"og:title\" content=\"Sujetadores Con Matraca, Carga M\u00e1xima 1000 Kg, 2 Piezas &raquo; Brain Store\" \/>\n<meta property=\"og:description\" content=\"Caracteristicas   Sujetador Con Matraca Y Cinta De Seguridad 100% Poli\u00e9ster, No Se Deforma.  Gancho Doble Tipo J.  Sistema Para Aplicar M\u00e1xima Tensi\u00f3n Con M\u00ednimo Esfuerzo.  Mecanismo De R\u00e1pida Liberaci\u00f3n.  Ideales Para Autos Y Motos.  Especificaciones   Longitud De Cinta: 5 M.  Ancho De Cinta: 1-1\/4\u2033 (32 Mm).  Carga De Trabajo: 333 Kg.  Carga M\u00e1xima: 1,000 Kg.  Empaque Individual: Tarjet.\" \/>\n<meta property=\"og:url\" content=\"https:\/\/brainstore.com.mx\/?product=sujetadores-con-matraca-carga-maxima-1000-kg-2-piezas\" \/>\n<meta property=\"og:site_name\" content=\"Brain Store\" \/>\n<meta property=\"article:publisher\" content=\"https:\/\/www.facebook.com\/brainstoremx\/\" \/>\n<meta property=\"article:modified_time\" content=\"2023-01-06T01:50:24+00:00\" \/>\n<meta property=\"og:image\" content=\"https:\/\/brainstore.com.mx\/wp-content\/uploads\/2022\/12\/matraca-1000.png\" \/>\n\t<meta property=\"og:image:width\" content=\"1000\" \/>\n\t<meta property=\"og:image:height\" content=\"1000\" \/>\n<meta name=\"twitter:card\" content=\"summary_large_image\" \/>\n<script type=\"application\/ld+json\" class=\"yoast-schema-graph\">{\"@context\":\"https:\/\/schema.org\",\"@graph\":[{\"@type\":\"Organization\",\"@id\":\"https:\/\/brainstore.com.mx\/#organization\",\"name\":\"BRAIN STORE\",\"url\":\"https:\/\/brainstore.com.mx\/\",\"sameAs\":[\"https:\/\/www.facebook.com\/brainstoremx\/\",\"https:\/\/www.linkedin.com\/organization-guest\/company\/brainstore-soluciones-empresariales?challengeId=AQFFTWIZtGeYbAAAAXObhNynGsrNMCCiSF_2EOtAMNY4iQ12tT6IezYHLU5OKTnHBLZnWaGZjTGoZvweYLxXQkK85kBoy5IBjA&amp;amp;amp;amp;amp;amp;submissionId=7aa7c3ff-c747-2616-8f9f-43e49eb5c53f\"],\"logo\":{\"@type\":\"ImageObject\",\"@id\":\"https:\/\/brainstore.com.mx\/#logo\",\"inLanguage\":\"es-MX\",\"url\":\"https:\/\/brainstore.com.mx\/wp-content\/uploads\/2018\/11\/Brain-Store-logo.png\",\"width\":507,\"height\":169,\"caption\":\"BRAIN STORE\"},\"image\":{\"@id\":\"https:\/\/brainstore.com.mx\/#logo\"}},{\"@type\":\"WebSite\",\"@id\":\"https:\/\/brainstore.com.mx\/#website\",\"url\":\"https:\/\/brainstore.com.mx\/\",\"name\":\"Brain Store\",\"description\":\"Soluciones Empresariales\",\"publisher\":{\"@id\":\"https:\/\/brainstore.com.mx\/#organization\"},\"potentialAction\":[{\"@type\":\"SearchAction\",\"target\":\"https:\/\/brainstore.com.mx\/?s={search_term_string}\",\"query-input\":\"required name=search_term_string\"}],\"inLanguage\":\"es-MX\"},{\"@type\":\"ImageObject\",\"@id\":\"https:\/\/brainstore.com.mx\/?product=sujetadores-con-matraca-carga-maxima-1000-kg-2-piezas#primaryimage\",\"inLanguage\":\"es-MX\",\"url\":\"https:\/\/brainstore.com.mx\/wp-content\/uploads\/2022\/12\/matraca-1000.png\",\"width\":1000,\"height\":1000},{\"@type\":\"WebPage\",\"@id\":\"https:\/\/brainstore.com.mx\/?product=sujetadores-con-matraca-carga-maxima-1000-kg-2-piezas#webpage\",\"url\":\"https:\/\/brainstore.com.mx\/?product=sujetadores-con-matraca-carga-maxima-1000-kg-2-piezas\",\"name\":\"Sujetadores Con Matraca, Carga M\\u00e1xima 1000 Kg, 2 Piezas &raquo; Brain Store\",\"isPartOf\":{\"@id\":\"https:\/\/brainstore.com.mx\/#website\"},\"primaryImageOfPage\":{\"@id\":\"https:\/\/brainstore.com.mx\/?product=sujetadores-con-matraca-carga-maxima-1000-kg-2-piezas#primaryimage\"},\"datePublished\":\"2022-12-09T02:11:43+00:00\",\"dateModified\":\"2023-01-06T01:50:24+00:00\",\"breadcrumb\":{\"@id\":\"https:\/\/brainstore.com.mx\/?product=sujetadores-con-matraca-carga-maxima-1000-kg-2-piezas#breadcrumb\"},\"inLanguage\":\"es-MX\",\"potentialAction\":[{\"@type\":\"ReadAction\",\"target\":[\"https:\/\/brainstore.com.mx\/?product=sujetadores-con-matraca-carga-maxima-1000-kg-2-piezas\"]}]},{\"@type\":\"BreadcrumbList\",\"@id\":\"https:\/\/brainstore.com.mx\/?product=sujetadores-con-matraca-carga-maxima-1000-kg-2-piezas#breadcrumb\",\"itemListElement\":[{\"@type\":\"ListItem\",\"position\":1,\"item\":{\"@type\":\"WebPage\",\"@id\":\"https:\/\/brainstore.com.mx\/\",\"url\":\"https:\/\/brainstore.com.mx\/\",\"name\":\"Inicio\"}},{\"@type\":\"ListItem\",\"position\":2,\"item\":{\"@type\":\"WebPage\",\"@id\":\"https:\/\/brainstore.com.mx\/?page_id=9779\",\"url\":\"https:\/\/brainstore.com.mx\/?page_id=9779\",\"name\":\"Tienda\"}},{\"@type\":\"ListItem\",\"position\":3,\"item\":{\"@type\":\"WebPage\",\"@id\":\"https:\/\/brainstore.com.mx\/?product=sujetadores-con-matraca-carga-maxima-1000-kg-2-piezas\",\"url\":\"https:\/\/brainstore.com.mx\/?product=sujetadores-con-matraca-carga-maxima-1000-kg-2-piezas\",\"name\":\"Sujetadores Con Matraca, Carga M\\u00e1xima 1000 Kg, 2 Piezas\"}}]}]}<\/script>\n<!-- \/ Yoast SEO plugin. -->","_links":{"self":[{"href":"https:\/\/brainstore.com.mx\/index.php?rest_route=\/wp\/v2\/product\/9986"}],"collection":[{"href":"https:\/\/brainstore.com.mx\/index.php?rest_route=\/wp\/v2\/product"}],"about":[{"href":"https:\/\/brainstore.com.mx\/index.php?rest_route=\/wp\/v2\/types\/product"}],"replies":[{"embeddable":true,"href":"https:\/\/brainstore.com.mx\/index.php?rest_route=%2Fwp%2Fv2%2Fcomments&post=9986"}],"wp:featuredmedia":[{"embeddable":true,"href":"https:\/\/brainstore.com.mx\/index.php?rest_route=\/wp\/v2\/media\/9988"}],"wp:attachment":[{"href":"https:\/\/brainstore.com.mx\/index.php?rest_route=%2Fwp%2Fv2%2Fmedia&parent=9986"}],"wp:term":[{"taxonomy":"product_cat","embeddable":true,"href":"https:\/\/brainstore.com.mx\/index.php?rest_route=%2Fwp%2Fv2%2Fproduct_cat&post=9986"},{"taxonomy":"product_tag","embeddable":true,"href":"https:\/\/brainstore.com.mx\/index.php?rest_route=%2Fwp%2Fv2%2Fproduct_tag&post=9986"}],"curies":[{"name":"wp","href":"https:\/\/api.w.org\/{rel}","templated":true}]}}